the remainder when k(-4) is divided by n?
2
Let v(j) = j**3 - j**2 + 1. Let s be v(1). Suppose -3*r = 2*r - 100. Calculate the remainder when r is divided by -5*(s - (-11)/(-5)).
2
Let l = 42 + -37. Suppose -5*b + 234 = l*p - b, 0 = -3*b - 12. Calculate the remainder when p is divided by 14.
8
What is the remainder when 92 + 176/(-16) - (1 - (-2 + 1)) is divided by ((-4)/(-3))/((-2)/(-24))?
15
Suppose -5*b = 2*g - 333, 0*g - 3*b = 3*g - 513. Suppose -2*q + g = -0*q. Calculate the remainder when q is divided by 44.
43
Suppose 2*m = 21 + 3. Let n be (-7)/((-21)/m) + 10. Let f(p) = -p + 28. Calculate the remainder when 52 is divided by f(n).
10
Suppose u + 5*h = 345, -3*h = -u - 4*u + 1809. Suppose -7*z + u = 8*z. Calculate the remainder when z is divided by 5 - 0/(-1 - -2).
4
Let s = 68 + -39. Let b(y) = -y**3 + y**2 + 32. Let m be b(0). Calculate the remainder when s is divided by m*(2 - 4)/(-4).
13
Suppose -525 = -11*p - 283. Calculate the remainder when 226 is divided by p.
6
Suppose 3*u = 2*g - 270, -2*g = -3*g - 4*u + 113. What is the remainder when g is divided by 44?
41
Let x = -640 + 750. What is the remainder when 117 is divided by x?
7
Suppose 154 = 92*j - 85*j. What is the remainder when (1/2)/(12/2016) is divided by j?
18
Let f(z) = z**3 + 6*z**2 - 7*z + 1. Suppose 9*g - 8*g = -6. What is the remainder when f(g) is divided by 11?
10
Let s = -212 - -228. Calculate the remainder when 42 is divided by s.
10
Let x be (6/(-6))/(0 - -1). What is the remainder when ((-39)/(-26))/(x/(-36)) is divided by 20?
14
Let h = -2800 - -2886. Calculate the remainder when 150 is divided by h.
64
Let u = -979 - -1108. Calculate the remainder when u is divided by 8.
1
Suppose -3*q + 3*d = -33, -4*d - 34 = -6*q + 3*q. Suppose -8*p + q*p = 34. What is the remainder when (-2 - -1)*(2 - 33) is divided by p?
14
Let v(p) = -p + 2. Suppose -4*b + 2*d = -1 - 21, -2*d + 27 = 3*b. Let c be v(b). Let z = 9 + c. What is the remainder when 9 is divided by z?
1
Let f = 531 + -516. What is the remainder when 44 is divided by f?
14
Let u be 8/(-12) + (-58)/(-6). What is the remainder when 26 is divided by 6/u + 1 + (-74)/(-6)?
12
Suppose 2*d + k = 32, 0 + 66 = 3*d - 3*k. Let s = -3 + 12. Let u = 60 + s. Calculate the remainder when u is divided by d.
15
Let t be 15596/6 + (-52)/39. Calculate the remainder when 6/8 - t/(-24) is divided by 28.
25
Let i = 156 + -363. What is the remainder when 49 is divided by (-46)/i + 97*2/18?
5
Let f = 309 - 201. Calculate the remainder when f is divided by 14/(-91) + 132/13.
8
Suppose -4*w + 2*v = -442 - 970, -3*v = 3*w - 1041. Calculate the remainder when w is divided by 96.
63
What is the remainder when 47 is divided by 594/22 + 0/4?
20
Suppose 0 = -30*z + 130*z - 8500. Calculate the remainder when z is divided by 16.
5
Suppose 0 + 8 = 2*f. Suppose -2*s - 3 = 2*d + 1, -5*s - 2*d = 13. What is the remainder when ((-3)/2)/(2/(-23 - s)) is divided by f?
3
Calculate the remainder when 1052 is divided by (-6 + 51)*9*(-1)/(-5).
80
Suppose j - 2 + 23 = w, 3*w - j = 53. What is the remainder when (-20)/5 + 0 + (-320)/(-10) is divided by w?
12
Suppose -14*d + 776 = -12*d. Calculate the remainder when d is divided by 14.
10
Suppose 244 = 7*w - 442. What is the remainder when w is divided by 53?
45
Let h be (36/30)/((-6)/(-20)). Suppose -4*v + 4 + h = 0. Suppose 3*u - v = -s, -u + 10 = 3*s - 4. What is the remainder when 12 is divided by s?
2
Suppose 2*r = 6*r - 212. Let n = 66 + r. What is the remainder when n is divided by 11?
9
Suppose -4*h + 27 = -h. Calculate the remainder when 30 is divided by h.
3
Suppose 4*f - 18 = 30. Suppose -u + 0*i = -4*i - 34, 2*u - 42 = -5*i. Suppose -u = -q - 4. Calculate the remainder when q is divided by f.
10
Let p be 21/35 - (-1776)/15. Suppose 11*h + 9 = p. What is the remainder when 45 is divided by h?
5
Let w(h) = -h**3 - 24*h**2 - 9*h + 342. What is the remainder when 154 is divided by w(-23)?
14
Suppose -2*l = 5*l - 63. Let p = 2 + l. Let r(w) = -w**3 - 4*w**2 - w + 1. What is the remainder when r(-5) is divided by p?
9
Let l = 22 + -16. Suppose -10*g = -5*g + 20. Let o = 13 - g. What is the remainder when o is divided by l?
5
What is the remainder when (0 - (-3)/4)/(1/44) is divided by 23?
10
Let u be (-78)/(-4) + (12/3)/8. Let g = u + -10. What is the remainder when 49 is divided by g?
9
Let j = -95 - -97. Suppose 4*g - 5*x = 50, 0 = 2*g - 4*x + 3*x - 22. What is the remainder when g is divided by j?
0
Suppose n - 4*y = 17, -13*n + 18*n + 15 = -5*y. Let z = -8 + 13. Suppose 4*x - z*s = 1, 3*s = -4*x + 5*s + 10. Calculate the remainder when x is divided by n.
0
Let x = -45 + 46. Calculate the remainder when (-13)/(260/(-168)) - (-6)/(-15) is divided by x.
0
Let b be (4 - 4)/(2 + 1 - 2). Suppose 3*i - 38 + 5 = b. Calculate the remainder when 107 is divided by i.
8
Suppose -335 = -5*f + 100. Let u = -46 + f. Calculate the remainder when 81 is divided by u.
40
Suppose 276 + 169 = 5*h. Let m = h + -18. What is the remainder when m is divided by 18?
17
Let u(s) = 5*s + 11. Let f be u(-3). What is the remainder when 68 is divided by (6/f)/((-3)/46)?
22
Calculate the remainder when 28 is divided by ((-4)/2 - -6 - -6) + -2.
4
Let d(n) = n**3 - 6*n**2 + 11*n - 10. What is the remainder when 114 is divided by d(5)?
14
Suppose -m - l + 13 = -0*m, -3*m - 4*l = -40. Suppose 15*n - 28 = 632. Calculate the remainder when n is divided by m.
8
Let r = -11 + 22. Let n = 0 + r. Suppose 3*x = n - 2. What is the remainder when 5 is divided by x?
2
Calculate the remainder when 2 + (-314)/(-6) + (-165)/495 is divided by 32.
22
Let c be (-1)/(4/6 - (-109)/(-159)). Let m = c + -33. Calculate the remainder when m is divided by 15.
5
Suppose -13*k + 20*k = 77. Let i = k - 8. Let b(y) = 2*y**2 - 2*y - 2. What is the remainder when i is divided by b(2)?
1
Calculate the remainder when 152 is divided by ((-34)/4)/((-9)/18).
16
Let r be (4 + -8)*(3 + 13/(-4)). What is the remainder when 116 is divided by 10/3*9*r?
26
Let r = -41 - -46. Suppose 5*o = -0 + 20. Calculate the remainder when r is divided by o.
1
Suppose 19 + 20 = 3*w. Suppose -6*o - 686 = -w*o. What is the remainder when o is divided by (-6)/(-9) - 73/(-3)?
23
Suppose 5*f - 3*q - 225 = 0, -2*q = -2*f + q + 99. What is the remainder when 502 is divided by f?
40
Suppose 0 = -4*d + d + 45. Let i be 18*(-4)/30 + (-2)/(-5). Calculate the remainder when d is divided by (27/(-12))/(27/(-12) - i).
6
Let w = -121 - -150. Let z(t) = t + 25. Calculate the remainder when w is divided by z(-18).
1
Suppose -z - 6 + 24 = 0. What is the remainder when ((-33)/(-9))/(2/z) is divided by 17?
16
Suppose -3*z = 12*z - 180. What is the remainder when 8 is divided by (-1 + 4 + -1)*z/8?
2
Let m be (1 - 1)/(5 - 3). Suppose 26*g - 12*g - 14 = m. What is the remainder when (((-4)/2)/2)/(-1) is divided by g?
0
Suppose -3*y - 230 = -5*y - 3*d, 258 = 2*y - 4*d. What is the remainder when 243 is divided by y?
1
Suppose -4*n - 1345 = -3*v - 0*n, 3*v = 2*n + 1355. Calculate the remainder when v is divided by 92.
87
Suppose 0 = -f + 4*a + a + 55, 5*f = -5*a + 215. What is the remainder when 131 is divided by f?
41
Suppose 0 = -3*d - 3*p + 60, -3*p - 77 + 4 = -4*d. Suppose 3*u - 4*t - 58 - d = 0, -2*t - 29 = -u. What is the remainder when 93 is divided by u?
17
Let x(n) = n - 2. Let i be x(2). Suppose l + 28 = -i*l. Let c = 41 + l. Calculate the remainder when c is divided by 5.
3
Let w be (-129)/(-2) - (-1 - (-6)/4). Let b = 120 + -73. What is the remainder when b is divided by w/(-6)*(-3)/2?
15
Let z = 1435 - 1124. What is the remainder when z is divided by 45?
41
Let z be ((-6)/(-8))/((-17)/(-68)). Suppose -3*v - 4*g + 72 = -g, 0 = -z*v - 4*g + 77. Calculate the remainder when 73 is divided by v.
16
Let l(q) = -q**2 - 7*q - 7. Let g be l(-5). Let s(k) = 22*k - 7. What is the remainder when s(g) is divided by 30?
29
Let n = 2183 - 2033. What is the remainder when n is divided by 77?
73
Let v be 35/11 - 12/66. Calculate the remainder when ((-102)/(-85))/((-1)/(-20)*v) is divided by 6.
2
Let s(c) = c**3 + 4. Let n be s(6). Suppose 0 = 4*o + o - 150. Calculate the remainder when o is divided by ((-6)/4)/1*n/(-30).
8
Let o = 57 + -17. What is the remainder when o is divided by 26?
14
Let k(d) = -100*d. Le